base 5) to base 13
27
What is 2112 (base 4) in base 7?
303
105 (base 12) to base 11
126
3 (base 13) to base 9
3
Convert 2 (base 14) to base 7.
2
Convert 402 (base 7) to base 11.
170
What is -3 (base 8) in base 7?
-3
What is -5 (base 12) in base 3?
-12
-13 (base 6) to base 11
-9
Convert -9 (base 11) to base 5.
-14
-11 (base 4) to base 5
-10
What is 2e (base 15) in base 13?
35
Convert 221 (base 3) to base 16.
19
Convert 2 (base 10) to base 9.
2
13 (base 13) to base 5
31
What is 8 (base 16) in base 12?
8
What is -3 (base 9) in base 12?
-3
What is d (base 15) in base 2?
1101
Convert -2 (base 13) to base 14.
-2
What is 24 (base 8) in base 14?
16
101 (base 15) to base 14
122
0 (base 7) to base 3
0
What is 3b (base 14) in base 2?
110101
-1 (base 9) to base 2
-1
Convert -1 (base 15) to base 3.
-1
What is -77 (base 9) in base 3?
-2121
100011100 (base 2) to base 13
18b
What is -215 (base 8) in base 5?
-1031
Convert 21 (base 5) to base 2.
1011
Convert -1001 (base 3) to base 16.
-1c
Convert -1 (base 10) to base 4.
-1
101 (base 3) to base 13
a
Convert -23 (base 4) to base 6.
-15
4b (base 16) to base 6
203
8 (base 11) to base 6
12
101101 (base 2) to base 3
1200
Convert -3 (base 9) to base 7.
-3
What is -7 (base 10) in base 7?
-10
What is -326 (base 9) in base 10?
-267
Convert 103 (base 14) to base 11.
171
What is 21 (base 5) in base 3?
102
134 (base 13) to base 14
112
-2 (base 10) to base 14
-2
What is -96 (base 14) in base 8?
-204
What is -531 (base 6) in base 9?
-241
What is -1142 (base 5) in base 9?
-211
What is -11 (base 14) in base 13?
-12
-34 (base 7) to base 16
-19
What is 2 (base 15) in base 8?
2
What is 1 (base 4) in base 5?
1
What is -1 (base 7) in base 13?
-1
What is 67 (base 14) in base 6?
231
What is 1 (base 16) in base 3?
1
What is -21 (base 13) in base 4?
-123
15 (base 8) to base 3
111
Convert 16 (base 9) to base 13.
12
-177 (base 8) to base 16
-7f
What is 16 (base 12) in base 6?
30
What is 1 (base 14) in base 7?
1
-114 (base 6) to base 13
-37
What is -33 (base 8) in base 11?
-25
What is -154 (base 6) in base 2?
-1000110
What is -11 (base 4) in base 10?
-5
What is -3b (base 16) in base 8?
-73
Convert 23 (base 16) to base 3.
1022
Convert 9 (base 11) to base 13.
9
What is -4 (base 13) in base 4?
-10
What is 45 (base 16) in base 14?
4d
Convert -10211 (base 3) to base 16.
-67
What is -c3 (base 13) in base 9?
-186
Convert -316 (base 9) to base 12.
-196
Convert 48 (base 13) to base 2.
111100
Convert -13 (base 11) to base 13.
-11
-333 (base 6) to base 15
-89
143 (base 6) to base 3
2100
Convert 1 (base 12) to base 10.
1
Convert 1 (base 2) to base 13.
1
What is -100 (base 4) in base 2?
-10000
6 (base 14) to base 5
11
What is -19 (base 12) in base 6?
-33
Convert 8 (base 15) to base 14.
8
What is 1 (base 14) in base 8?
1
34 (base 16) to base 6
124
What is 1 (base 14) in base 2?
1
Convert 142 (base 6) to base 5.
222
What is -2 (base 15) in base 3?
-2
Convert -2 (base 15) to base 8.
-2
Convert 376 (base 8) to base 14.
142
What is -23 (base 10) in base 3?
-212
-91 (base 14) to base 11
-106
What is -2 (base 15) in base 11?
-2
What is 101 (base 3) in base 2?
1010
What is -18 (base 12) in base 6?
-32
Convert 3 (base 11) to base 7.
3
What is -5 (base 11) in base 14?
-5
Convert 212 (base 7) to base 2.
1101011
What is -13 (base 4) in base 9?
-7
-211 (base 3) to base 10
-22
3 (base 13) to base 11
3
-4 (base 16) to base 6
-4
Convert 121 (base 4) to base 3.
221
6 (base 7) to base 12
6
-1 (base 6) to base 3
-1
What is 1 (base 13) in base 7?
1
0 (base 11) to base 14
0
Convert 53 (base 10) to base 4.
311
What is 231 (base 5) in base 11?
60
Convert 16 (base 16) to base 7.
31
-2 (base 3) to base 12
-2
Convert 3 (base 15) to base 4.
3
302 (base 6) to base 15
75
Convert 20 (base 5) to base 4.
22
Convert -10 (base 12) to base 3.
-110
What is -40 (base 12) in base 10?
-48
Convert 11 (base 2) to base 13.
3
3 (base 9) to base 2
11
What is 121 (base 3) in base 15?
11
Convert 304 (base 9) to base 13.
160
Convert 6 (base 14) to base 2.
110
Convert 0 (base 15) to base 2.
0
22101 (base 3) to base 6
1014
What is -89 (base 12) in base 7?
-210
Convert 2 (base 11) to base 2.
10
Convert -145 (base 6) to base 13.
-50
100 (base 2) to base 16
4
What is 85 (base 14) in base 5?
432
What is -57 (base 14) in base 10?
-77
Convert -2 (base 13) to base 5.
-2
-120 (base 3) to base 13
-12
Convert -180 (base 12) to base 2.
-11110000
Convert -3 (base 9) to base 13.
-3
What is 1003 (base 4) in base 6?
151
-10 (base 10) to base 8
-12
Convert -11001 (base 2) to base 5.
-100
What is 1001 (base 2) in base 14?
9
What is -88 (base 15) in base 3?
-11202
53 (base 10) to base 11
49
220 (base 3) to base 9
26
Convert 6 (base 8) to base 10.
6
Convert 112 (base 3) to base 14.
10
-1111 (base 3) to base 16
-28
Convert 105 (base 9) to base 13.
68
Convert -17 (base 9) to base 6.
-24
What is -21 (base 4) in base 13?
-9
What is -b1 (base 16) in base 14?
-c9
Convert 20 (base 4) to base 10.
8
What is 246 (base 8) in base 15?
b1
Convert -4 (base 15) to base 7.
-4
-162 (base 15) to base 4
-10331
Convert 101 (base 7) to base 9.
55
Convert 264 (base 7) to base 11.
121
What is 44 (base 16) in base 6?
152
What is 1 (base 14) in base 15?
1
Convert -10020 (base 3) to base 8.
-127
What is 44 (base 5) in base 2?
11000
Convert 0 (base 9) to base 14.
0
Convert -10 (base 8) to base 10.
-8
Convert 1 (base 16) to base 15.
1
7 (base 8) to base 9
7
Convert -96 (base 10) to base 2.
-1100000
215 (base 10) to base 15
e5
What is 111201 (base 3) in base 16?
172
Convert -22 (base 7) to base 5.
-31
61 (base 8) to base 9
54
What is -1b (base 12) in base 15?
-18
1000 (base 2) to base 10
8
Convert 0 (base 12) to base 6.
0
54 (base 14) to base 4
1022
What is 7 (base 15) in base 13?
7
Convert -142 (base 11) to base 12.
-11b
Convert -1 (base 9) to base 4.
-1
Convert -1001011 (base 2) to base 3.
-2210
What is c6 (base 14) in base 5?
1144
What is 2 (base 14) in base 4?
2
Convert -4 (base 13) to base 3.
-11
Convert 2 (base 10) to base 3.
2
4 (base 10) to base 13
4
-10010010 (base 2) to base 14
-a6
-3 (base 15) to base 2
-11
-11 (base 9) to base 15
-a
What is 64 (base 10) in base 4?
1000
-5 (base 12) to base 9
-5
11 (base 9) to base 15
a
Convert -1045 (base 6) to base 4.
-3311
-1505 (base 6) to base 8
-621
-80 (base 12) to base 15
-66
Convert 5 (base 9) to base 2.
101
Convert -8 (base 15) to base 9.
-8
4 (base 16) to base 7
4
10111010 (base 2) to base 5
1221
Convert -10 (base 5) to base 12.
-5
Convert 10 (base 6) to base 16.
6
What is 4 (base 6) in base 4?
10
What is -29 (base 10) in base 7?
-41
What is 11011 (base 2) in base 5?
102
What is -431 (base 6) in base 15?
-ad
Convert 0 (base 11) to base 14.
0
What is -4 (base 13) in base 8?
-4
Convert 14 (base 10) to base 8.
16
What is -1 (base 10) in base 11?
-1
What is 18 (base 10) in base 14?
14
Convert -1200 (base 4) to base 6.
-240
What is 1 (base 3) in base 12?
1
Convert -9 (base 16) to base 14.
-9
254 (base 11) to base 13
1a2
What is 0 (base 16) in base 8?
0
Convert 26 (base 13) to base 5.
112
What is -3 (base 11) in base 8?
-3
What is -11 (base 3) in base 16?
-4
What is -32 (base 5) in base 8?
-21
Convert -21202 (base 3) to base 10.
-209
What is -240 (base 12) in base 3?
-110110
-15 (base 13) to base 12
-16
0 (base 14) to base 6
0
Convert 10 (base 2) to base 7.
2
-101110 (base 2) to base 3
-1201
-1001 (base 2) to base 7
-12
-2 (base 10) to base 9
-2
-d (base 16) to base 12
-11
-2 (base 16) to base 13
-2
2 (base 16) to base 9
2
Convert -2 (base 8) to base 11.
-2
What is 8 (base 10) in base 15?
8
2 (base 6) to base 5
2
Convert -ac (base 13) to base 15.
-97
What is 7 (base 15) in base 6?
11
-1 (base 5) to base 8
-1
-12012 (base 3) to base 14
-a0
Convert -14 (base 16) to base 4.
-110
Convert -162 (base 10) to base 4.
-2202
What is 5 (base 11) in base 2?
101
-2 (base 4) to base 14
-2
What is 1113 (base 4) in base 10?
87
Convert -22 (base 15) to base 8.
-40
What is -20 (base 3) in base 4?
-12
-14 (base 12) to base 13
-13
10 (base 4) to base 11
4
What is 66 (base 13) in base 11?
77
Convert 12 (base 12) to base 8.
16
Convert 212 (base 5) to base 8.
71
3 (base 13) to base 7
3
What is -11 (base 2) in base 4?
-3
What is 2 (base 6) in base 8?
2
Convert 11 (base 2) to base 5.
3
-5 (base 13) to base 6
-5
Conver